{"id":4762,"date":"2025-04-13T16:06:33","date_gmt":"2025-04-13T14:06:33","guid":{"rendered":"http:\/\/www.abtrio-leseni.cz\/?page_id=4762"},"modified":"2025-05-16T23:29:54","modified_gmt":"2025-05-16T21:29:54","slug":"reference","status":"publish","type":"page","link":"https:\/\/www.abtrio-leseni.cz\/?page_id=4762","title":{"rendered":"REFERENCE"},"content":{"rendered":"\n<p>Proto\u017ee m\u00e1me v\u00edce jak 30 letou tradici a bezedn\u00fd archiv, na t\u00e9to str\u00e1nce je\u0161t\u011b pracujeme :))<\/p>\n\n\n\n<p>Pro Va\u0161i p\u0159edstavu jsme ale pracovali na stavb\u00e1ch jako KNL Liberec, libereck\u00e1 radnice, Severo\u010desk\u00e9 muzeum, m\u011bstsk\u00fd libereck\u00fd i jabloneck\u00fd baz\u00e9n, Magistr\u00e1t m\u011bsta Liberec, obchodn\u00ed domy Forum a Plaza, Globus, kostel sv. Anton\u00edna. D\u011blali jsme p\u0159emost\u011bn\u00ed, tribuny, jevi\u0161t\u011b i zvuka\u0159sk\u00e9 st\u00e1nky pro festival Ben\u00e1tsk\u00e1. Mihli jsme se i v Praze na baz\u00e9nu \u0160utka, dokonce i v Brn\u011b jsme uplatnili sv\u00e9 s\u00edly.<\/p>\n\n\n\n<p>Jsme osv\u011bd\u010den\u00ed nejen v cel\u00e9m libereck\u00e9m kraji, nev\u00e1hejte vyu\u017e\u00edt na\u0161ich slu\u017eeb!<\/p>\n","protected":false},"excerpt":{"rendered":"<p>Proto\u017ee m\u00e1me v\u00edce jak 30 letou tradici a bezedn\u00fd archiv, na t\u00e9to str\u00e1nce je\u0161t\u011b pracujeme :)) Pro Va\u0161i p\u0159edstavu jsme ale pracovali na stavb\u00e1ch jako KNL Liberec, libereck\u00e1 radnice, Severo\u010desk\u00e9 muzeum, m\u011bstsk\u00fd libereck\u00fd i jabloneck\u00fd baz\u00e9n, Magistr\u00e1t m\u011bsta Liberec, obchodn\u00ed domy Forum a Plaza, Globus, kostel sv. Anton\u00edna. D\u011blali jsme p\u0159emost\u011bn\u00ed, tribuny, jevi\u0161t\u011b i zvuka\u0159sk\u00e9 [&hellip;]<\/p>\n","protected":false},"author":1,"featured_media":0,"parent":0,"menu_order":0,"comment_status":"closed","ping_status":"closed","template":"","meta":{"footnotes":""},"class_list":["post-4762","page","type-page","status-publish","hentry"],"yoast_head":"<!-- This site is optimized with the Yoast SEO plugin v26.1 - https:\/\/yoast.com\/wordpress\/plugins\/seo\/ -->\n<title>REFERENCE - AB TRIO s.r.o.<\/title>\n<meta name=\"robots\" content=\"index, follow, max-snippet:-1, max-image-preview:large, max-video-preview:-1\" \/>\n<link rel=\"canonical\" href=\"https:\/\/www.abtrio-leseni.cz\/?page_id=4762\" \/>\n<meta property=\"og:locale\" content=\"cs_CZ\" \/>\n<meta property=\"og:type\" content=\"article\" \/>\n<meta property=\"og:title\" content=\"REFERENCE - AB TRIO s.r.o.\" \/>\n<meta property=\"og:description\" content=\"Proto\u017ee m\u00e1me v\u00edce jak 30 letou tradici a bezedn\u00fd archiv, na t\u00e9to str\u00e1nce je\u0161t\u011b pracujeme :)) Pro Va\u0161i p\u0159edstavu jsme ale pracovali na stavb\u00e1ch jako KNL Liberec, libereck\u00e1 radnice, Severo\u010desk\u00e9 muzeum, m\u011bstsk\u00fd libereck\u00fd i jabloneck\u00fd baz\u00e9n, Magistr\u00e1t m\u011bsta Liberec, obchodn\u00ed domy Forum a Plaza, Globus, kostel sv. Anton\u00edna. D\u011blali jsme p\u0159emost\u011bn\u00ed, tribuny, jevi\u0161t\u011b i zvuka\u0159sk\u00e9 [&hellip;]\" \/>\n<meta property=\"og:url\" content=\"https:\/\/www.abtrio-leseni.cz\/?page_id=4762\" \/>\n<meta property=\"og:site_name\" content=\"AB TRIO s.r.o.\" \/>\n<meta property=\"article:modified_time\" content=\"2025-05-16T21:29:54+00:00\" \/>\n<meta name=\"twitter:card\" content=\"summary_large_image\" \/>\n<meta name=\"twitter:label1\" content=\"Odhadovan\u00e1 doba \u010dten\u00ed\" \/>\n\t<meta name=\"twitter:data1\" content=\"1 minuta\" \/>\n<script type=\"application\/ld+json\" class=\"yoast-schema-graph\">{\"@context\":\"https:\/\/schema.org\",\"@graph\":[{\"@type\":\"WebPage\",\"@id\":\"https:\/\/www.abtrio-leseni.cz\/?page_id=4762\",\"url\":\"https:\/\/www.abtrio-leseni.cz\/?page_id=4762\",\"name\":\"REFERENCE - AB TRIO s.r.o.\",\"isPartOf\":{\"@id\":\"https:\/\/www.abtrio-leseni.cz\/#website\"},\"datePublished\":\"2025-04-13T14:06:33+00:00\",\"dateModified\":\"2025-05-16T21:29:54+00:00\",\"breadcrumb\":{\"@id\":\"https:\/\/www.abtrio-leseni.cz\/?page_id=4762#breadcrumb\"},\"inLanguage\":\"cs\",\"potentialAction\":[{\"@type\":\"ReadAction\",\"target\":[\"https:\/\/www.abtrio-leseni.cz\/?page_id=4762\"]}]},{\"@type\":\"BreadcrumbList\",\"@id\":\"https:\/\/www.abtrio-leseni.cz\/?page_id=4762#breadcrumb\",\"itemListElement\":[{\"@type\":\"ListItem\",\"position\":1,\"name\":\"Dom\u016f\",\"item\":\"https:\/\/www.abtrio-leseni.cz\/\"},{\"@type\":\"ListItem\",\"position\":2,\"name\":\"REFERENCE\"}]},{\"@type\":\"WebSite\",\"@id\":\"https:\/\/www.abtrio-leseni.cz\/#website\",\"url\":\"https:\/\/www.abtrio-leseni.cz\/\",\"name\":\"AB TRIO s.r.o.\",\"description\":\"V\u00e1\u0161 expert na le\u0161en\u00ed\",\"potentialAction\":[{\"@type\":\"SearchAction\",\"target\":{\"@type\":\"EntryPoint\",\"urlTemplate\":\"https:\/\/www.abtrio-leseni.cz\/?s={search_term_string}\"},\"query-input\":{\"@type\":\"PropertyValueSpecification\",\"valueRequired\":true,\"valueName\":\"search_term_string\"}}],\"inLanguage\":\"cs\"}]}<\/script>\n<!-- \/ Yoast SEO plugin. -->","yoast_head_json":{"title":"REFERENCE - AB TRIO s.r.o.","robots":{"index":"index","follow":"follow","max-snippet":"max-snippet:-1","max-image-preview":"max-image-preview:large","max-video-preview":"max-video-preview:-1"},"canonical":"https:\/\/www.abtrio-leseni.cz\/?page_id=4762","og_locale":"cs_CZ","og_type":"article","og_title":"REFERENCE - AB TRIO s.r.o.","og_description":"Proto\u017ee m\u00e1me v\u00edce jak 30 letou tradici a bezedn\u00fd archiv, na t\u00e9to str\u00e1nce je\u0161t\u011b pracujeme :)) Pro Va\u0161i p\u0159edstavu jsme ale pracovali na stavb\u00e1ch jako KNL Liberec, libereck\u00e1 radnice, Severo\u010desk\u00e9 muzeum, m\u011bstsk\u00fd libereck\u00fd i jabloneck\u00fd baz\u00e9n, Magistr\u00e1t m\u011bsta Liberec, obchodn\u00ed domy Forum a Plaza, Globus, kostel sv. Anton\u00edna. D\u011blali jsme p\u0159emost\u011bn\u00ed, tribuny, jevi\u0161t\u011b i zvuka\u0159sk\u00e9 [&hellip;]","og_url":"https:\/\/www.abtrio-leseni.cz\/?page_id=4762","og_site_name":"AB TRIO s.r.o.","article_modified_time":"2025-05-16T21:29:54+00:00","twitter_card":"summary_large_image","twitter_misc":{"Odhadovan\u00e1 doba \u010dten\u00ed":"1 minuta"},"schema":{"@context":"https:\/\/schema.org","@graph":[{"@type":"WebPage","@id":"https:\/\/www.abtrio-leseni.cz\/?page_id=4762","url":"https:\/\/www.abtrio-leseni.cz\/?page_id=4762","name":"REFERENCE - AB TRIO s.r.o.","isPartOf":{"@id":"https:\/\/www.abtrio-leseni.cz\/#website"},"datePublished":"2025-04-13T14:06:33+00:00","dateModified":"2025-05-16T21:29:54+00:00","breadcrumb":{"@id":"https:\/\/www.abtrio-leseni.cz\/?page_id=4762#breadcrumb"},"inLanguage":"cs","potentialAction":[{"@type":"ReadAction","target":["https:\/\/www.abtrio-leseni.cz\/?page_id=4762"]}]},{"@type":"BreadcrumbList","@id":"https:\/\/www.abtrio-leseni.cz\/?page_id=4762#breadcrumb","itemListElement":[{"@type":"ListItem","position":1,"name":"Dom\u016f","item":"https:\/\/www.abtrio-leseni.cz\/"},{"@type":"ListItem","position":2,"name":"REFERENCE"}]},{"@type":"WebSite","@id":"https:\/\/www.abtrio-leseni.cz\/#website","url":"https:\/\/www.abtrio-leseni.cz\/","name":"AB TRIO s.r.o.","description":"V\u00e1\u0161 expert na le\u0161en\u00ed","potentialAction":[{"@type":"SearchAction","target":{"@type":"EntryPoint","urlTemplate":"https:\/\/www.abtrio-leseni.cz\/?s={search_term_string}"},"query-input":{"@type":"PropertyValueSpecification","valueRequired":true,"valueName":"search_term_string"}}],"inLanguage":"cs"}]}},"_links":{"self":[{"href":"https:\/\/www.abtrio-leseni.cz\/index.php?rest_route=\/wp\/v2\/pages\/4762","targetHints":{"allow":["GET"]}}],"collection":[{"href":"https:\/\/www.abtrio-leseni.cz\/index.php?rest_route=\/wp\/v2\/pages"}],"about":[{"href":"https:\/\/www.abtrio-leseni.cz\/index.php?rest_route=\/wp\/v2\/types\/page"}],"author":[{"embeddable":true,"href":"https:\/\/www.abtrio-leseni.cz\/index.php?rest_route=\/wp\/v2\/users\/1"}],"replies":[{"embeddable":true,"href":"https:\/\/www.abtrio-leseni.cz\/index.php?rest_route=%2Fwp%2Fv2%2Fcomments&post=4762"}],"version-history":[{"count":5,"href":"https:\/\/www.abtrio-leseni.cz\/index.php?rest_route=\/wp\/v2\/pages\/4762\/revisions"}],"predecessor-version":[{"id":5084,"href":"https:\/\/www.abtrio-leseni.cz\/index.php?rest_route=\/wp\/v2\/pages\/4762\/revisions\/5084"}],"wp:attachment":[{"href":"https:\/\/www.abtrio-leseni.cz\/index.php?rest_route=%2Fwp%2Fv2%2Fmedia&parent=4762"}],"curies":[{"name":"wp","href":"https:\/\/api.w.org\/{rel}","templated":true}]}}