{"id":4754,"date":"2025-04-13T15:55:53","date_gmt":"2025-04-13T13:55:53","guid":{"rendered":"http:\/\/www.abtrio-leseni.cz\/?page_id=4754"},"modified":"2025-05-14T11:39:32","modified_gmt":"2025-05-14T09:39:32","slug":"mobilni-zastreseni","status":"publish","type":"page","link":"https:\/\/www.abtrio-leseni.cz\/?page_id=4754","title":{"rendered":"MOBILN\u00cd ZAST\u0158E\u0160EN\u00cd"},"content":{"rendered":"","protected":false},"excerpt":{"rendered":"","protected":false},"author":1,"featured_media":0,"parent":0,"menu_order":0,"comment_status":"closed","ping_status":"closed","template":"","meta":{"footnotes":""},"class_list":["post-4754","page","type-page","status-publish","hentry"],"yoast_head":"<!-- This site is optimized with the Yoast SEO plugin v26.1 - https:\/\/yoast.com\/wordpress\/plugins\/seo\/ -->\n<title>MOBILN\u00cd ZAST\u0158E\u0160EN\u00cd - AB TRIO s.r.o.<\/title>\n<meta name=\"robots\" content=\"index, follow, max-snippet:-1, max-image-preview:large, max-video-preview:-1\" \/>\n<link rel=\"canonical\" href=\"https:\/\/www.abtrio-leseni.cz\/?page_id=4754\" \/>\n<meta property=\"og:locale\" content=\"cs_CZ\" \/>\n<meta property=\"og:type\" content=\"article\" \/>\n<meta property=\"og:title\" content=\"MOBILN\u00cd ZAST\u0158E\u0160EN\u00cd - AB TRIO s.r.o.\" \/>\n<meta property=\"og:url\" content=\"https:\/\/www.abtrio-leseni.cz\/?page_id=4754\" \/>\n<meta property=\"og:site_name\" content=\"AB TRIO s.r.o.\" \/>\n<meta property=\"article:modified_time\" content=\"2025-05-14T09:39:32+00:00\" \/>\n<meta name=\"twitter:card\" content=\"summary_large_image\" \/>\n<meta name=\"twitter:label1\" content=\"Odhadovan\u00e1 doba \u010dten\u00ed\" \/>\n\t<meta name=\"twitter:data1\" content=\"1 minuta\" \/>\n<script type=\"application\/ld+json\" class=\"yoast-schema-graph\">{\"@context\":\"https:\/\/schema.org\",\"@graph\":[{\"@type\":\"WebPage\",\"@id\":\"https:\/\/www.abtrio-leseni.cz\/?page_id=4754\",\"url\":\"https:\/\/www.abtrio-leseni.cz\/?page_id=4754\",\"name\":\"MOBILN\u00cd ZAST\u0158E\u0160EN\u00cd - AB TRIO s.r.o.\",\"isPartOf\":{\"@id\":\"https:\/\/www.abtrio-leseni.cz\/#website\"},\"datePublished\":\"2025-04-13T13:55:53+00:00\",\"dateModified\":\"2025-05-14T09:39:32+00:00\",\"breadcrumb\":{\"@id\":\"https:\/\/www.abtrio-leseni.cz\/?page_id=4754#breadcrumb\"},\"inLanguage\":\"cs\",\"potentialAction\":[{\"@type\":\"ReadAction\",\"target\":[\"https:\/\/www.abtrio-leseni.cz\/?page_id=4754\"]}]},{\"@type\":\"BreadcrumbList\",\"@id\":\"https:\/\/www.abtrio-leseni.cz\/?page_id=4754#breadcrumb\",\"itemListElement\":[{\"@type\":\"ListItem\",\"position\":1,\"name\":\"Dom\u016f\",\"item\":\"https:\/\/www.abtrio-leseni.cz\/\"},{\"@type\":\"ListItem\",\"position\":2,\"name\":\"MOBILN\u00cd ZAST\u0158E\u0160EN\u00cd\"}]},{\"@type\":\"WebSite\",\"@id\":\"https:\/\/www.abtrio-leseni.cz\/#website\",\"url\":\"https:\/\/www.abtrio-leseni.cz\/\",\"name\":\"AB TRIO s.r.o.\",\"description\":\"V\u00e1\u0161 expert na le\u0161en\u00ed\",\"potentialAction\":[{\"@type\":\"SearchAction\",\"target\":{\"@type\":\"EntryPoint\",\"urlTemplate\":\"https:\/\/www.abtrio-leseni.cz\/?s={search_term_string}\"},\"query-input\":{\"@type\":\"PropertyValueSpecification\",\"valueRequired\":true,\"valueName\":\"search_term_string\"}}],\"inLanguage\":\"cs\"}]}<\/script>\n<!-- \/ Yoast SEO plugin. -->","yoast_head_json":{"title":"MOBILN\u00cd ZAST\u0158E\u0160EN\u00cd - AB TRIO s.r.o.","robots":{"index":"index","follow":"follow","max-snippet":"max-snippet:-1","max-image-preview":"max-image-preview:large","max-video-preview":"max-video-preview:-1"},"canonical":"https:\/\/www.abtrio-leseni.cz\/?page_id=4754","og_locale":"cs_CZ","og_type":"article","og_title":"MOBILN\u00cd ZAST\u0158E\u0160EN\u00cd - AB TRIO s.r.o.","og_url":"https:\/\/www.abtrio-leseni.cz\/?page_id=4754","og_site_name":"AB TRIO s.r.o.","article_modified_time":"2025-05-14T09:39:32+00:00","twitter_card":"summary_large_image","twitter_misc":{"Odhadovan\u00e1 doba \u010dten\u00ed":"1 minuta"},"schema":{"@context":"https:\/\/schema.org","@graph":[{"@type":"WebPage","@id":"https:\/\/www.abtrio-leseni.cz\/?page_id=4754","url":"https:\/\/www.abtrio-leseni.cz\/?page_id=4754","name":"MOBILN\u00cd ZAST\u0158E\u0160EN\u00cd - AB TRIO s.r.o.","isPartOf":{"@id":"https:\/\/www.abtrio-leseni.cz\/#website"},"datePublished":"2025-04-13T13:55:53+00:00","dateModified":"2025-05-14T09:39:32+00:00","breadcrumb":{"@id":"https:\/\/www.abtrio-leseni.cz\/?page_id=4754#breadcrumb"},"inLanguage":"cs","potentialAction":[{"@type":"ReadAction","target":["https:\/\/www.abtrio-leseni.cz\/?page_id=4754"]}]},{"@type":"BreadcrumbList","@id":"https:\/\/www.abtrio-leseni.cz\/?page_id=4754#breadcrumb","itemListElement":[{"@type":"ListItem","position":1,"name":"Dom\u016f","item":"https:\/\/www.abtrio-leseni.cz\/"},{"@type":"ListItem","position":2,"name":"MOBILN\u00cd ZAST\u0158E\u0160EN\u00cd"}]},{"@type":"WebSite","@id":"https:\/\/www.abtrio-leseni.cz\/#website","url":"https:\/\/www.abtrio-leseni.cz\/","name":"AB TRIO s.r.o.","description":"V\u00e1\u0161 expert na le\u0161en\u00ed","potentialAction":[{"@type":"SearchAction","target":{"@type":"EntryPoint","urlTemplate":"https:\/\/www.abtrio-leseni.cz\/?s={search_term_string}"},"query-input":{"@type":"PropertyValueSpecification","valueRequired":true,"valueName":"search_term_string"}}],"inLanguage":"cs"}]}},"_links":{"self":[{"href":"https:\/\/www.abtrio-leseni.cz\/index.php?rest_route=\/wp\/v2\/pages\/4754","targetHints":{"allow":["GET"]}}],"collection":[{"href":"https:\/\/www.abtrio-leseni.cz\/index.php?rest_route=\/wp\/v2\/pages"}],"about":[{"href":"https:\/\/www.abtrio-leseni.cz\/index.php?rest_route=\/wp\/v2\/types\/page"}],"author":[{"embeddable":true,"href":"https:\/\/www.abtrio-leseni.cz\/index.php?rest_route=\/wp\/v2\/users\/1"}],"replies":[{"embeddable":true,"href":"https:\/\/www.abtrio-leseni.cz\/index.php?rest_route=%2Fwp%2Fv2%2Fcomments&post=4754"}],"version-history":[{"count":5,"href":"https:\/\/www.abtrio-leseni.cz\/index.php?rest_route=\/wp\/v2\/pages\/4754\/revisions"}],"predecessor-version":[{"id":5036,"href":"https:\/\/www.abtrio-leseni.cz\/index.php?rest_route=\/wp\/v2\/pages\/4754\/revisions\/5036"}],"wp:attachment":[{"href":"https:\/\/www.abtrio-leseni.cz\/index.php?rest_route=%2Fwp%2Fv2%2Fmedia&parent=4754"}],"curies":[{"name":"wp","href":"https:\/\/api.w.org\/{rel}","templated":true}]}}